
19
Let h(m) = -m - 52. Let b be h(0). Let s = -30 - b. Let j = 40 + -28. What is the remainder when s is divided by j?
10
Let s = 0 + 0. Suppose 2*c - 5*o - 8 + 0 = s, 4*c = 5*o + 36. What is the remainder when 24 is divided by c?
10
Suppose 0 = -2*z + 48 + 98. What is the remainder when z is divided by 19?
16
Let y(v) = 21*v - 3. Let b = 118 + -108. Calculate the remainder when y(2) is divided by b.
9
Suppose 4*m = 4*c + 1 + 367, -2*m + 175 = -5*c. Calculate the remainder when m is divided by 25.
20
What is the remainder when 49 is divided by 3/((-12)/340*-5)?
15
Let j be -10*3/(-1) + -2. Suppose -4*y + c = -9*y + j, 0 = 4*y + 5*c - 14. Calculate the remainder when 22 is divided by y.
4
Let c = -62 + 128. Calculate the remainder when c is divided by 17.
15
Let v(s) = -s**3 - 12*s**2 + 3*s - 3. Let y be v(-12). Let w = y + 91. Calculate the remainder when w is divided by 11.
8
Let a = 83 - 53. What is the remainder when a is divided by 8?
6
What is the remainder when (-4)/26 + 964/(-39)*-3 is divided by 25?
24
Let b(j) = -2*j**3 + 3*j + 1. What is the remainder when b(-2) is divided by (-16)/(-56) + (2 - (-36)/21)?
3
Let w = 25 + -12. Suppose 2*g + 19 = g - 5*y, -3*g + 33 = -3*y. Let f = g - 2. What is the remainder when w is divided by f?
1
What is the remainder when ((-8)/24)/(1/(-33)) is divided by 3 - 2/4*-2?
3
Suppose 9 = -3*p, 6*p = -4*y + 3*p + 23. Let w(v) = -v - 2. Let b = -8 + 1. Calculate the remainder when y is divided by w(b).
3
Let d = -7 + 50. Suppose 4*w + 40 = 2*v + 6, 4*w - 5*v = -49. What is the remainder when d is divided by (-4)/w + (-43)/(-3)?
13
Let k = 29 + -24. What is the remainder when 17 is divided by k?
2
Let m(o) = -o + 106. Let i be m(0). Suppose 3*x = 4*h - i, 3*h - x = 3*x + 76. Calculate the remainder when h is divided by 10.
8
Suppose -a = -0*m - m + 20, 2*m = 3*a + 45. Calculate the remainder when 192 is divided by m.
12
Calculate the remainder when (0 - 0) + 7/(7/94) is divided by 48.
46
Let f = -40 - -58. What is the remainder when 87 is divided by f?
15
Suppose -4*x + r + 629 = 0, r + 785 = 2*x + 3*x. Let g = x + -26. What is the remainder when g is divided by 33?
31
Let v(c) = c**3 - 8*c**2 - 10*c + 18. What is the remainder when 13 is divided by v(9)?
4
Let f = 7 + -5. What is the remainder when 1/(58/14 + -4) is divided by f?
1
Let y be (6/(-5))/((-12)/400). Suppose -r = -y + 14. Calculate the remainder when 76 is divided by r.
24
Calculate the remainder when 16 is divided by 12/(-30) - 47/(-5).
7
Let n(i) = -i**2 + 12*i + 11. Calculate the remainder when n(8) is divided by 15.
13
Let b = 3 + 3. Suppose -b*s + 2*s - 8 = -5*q, -q = -5*s + 11. What is the remainder when 106*(s/(-6) + 1) is divided by 18?
17
Suppose 3*b = 2*b + 17. Let g = b - -1. What is the remainder when g is divided by 10?
8
Let x(b) = -11*b + 12. Let s(c) = -c + 1. Let y(p) = 18*s(p) - 2*x(p). Let d = 5 - -2. Calculate the remainder when y(d) is divided by 12.
10
Let y(d) = -d**3 - 2*d + 1. What is the remainder when y(-4) is divided by 15?
13
Let r(k) = -k**2 - 4*k + 2. Let z be r(-4). Let d be z*(0 + 2/(-4)). What is the remainder when 1 is divided by 5/(5/2) + d?
0
Suppose l - 3*l = -116. Calculate the remainder when l is divided by 15.
13
Let l be (-8)/(-3)*24/16. Suppose 3*n + 6 = -l*g, 2 = -4*n + 3*g - 6. What is the remainder when 53/(n*(-1)/2) is divided by 14?
11
Suppose s = 6*s - 25. Suppose 152 = s*p - 33. What is the remainder when p is divided by 10?
7
Let x(a) = a + 9. Let z be x(-6). Suppose z*n = -2*n + 35. What is the remainder when n is divided by 4 + (1 - 0) + -2?
1
Suppose 4*y = -0*y + 180. What is the remainder when y is divided by 12?
9
Suppose 2*t = -8, -2*d = 3*d + 3*t - 38. What is the remainder when d is divided by 54 + -50 + 2/(-2)?
1
Let r = 107 - 56. What is the remainder when r is divided by 408/15 - 1/5?
24
Let c(n) = 2*n - 5. Let v(r) = r - 3. Let s(f) = -4*c(f) + 7*v(f). Let q be s(1). What is the remainder when 13 is divided by (5/q)/((-1)/2)?
3
Let z = 34 + -22. Calculate the remainder when 46 is divided by z.
10
Let u(p) be the first derivative of -p**4/4 + 13*p**3/3 + p**2/2 - 11*p - 4. What is the remainder when 4 is divided by u(13)?
0
Let d(u) = -17*u**3 + u**2 - 2*u + 1. Let x be d(1). Let m = -6 - x. What is the remainder when m is divided by 4?
3
Suppose 0 = 2*n - 2 - 2. Suppose -n*q + 7*q - 35 = 3*x, -15 = -3*x. Calculate the remainder when (6/2 + 1)*7 is divided by q.
8
Let t = 158 + -105. What is the remainder when t is divided by 14?
11
Suppose 2*p = 4*p - 10. Let s = -22 - -30. Calculate the remainder when s is divided by p.
3
Suppose y + 22 = 5*i - 39, -5*i - 2*y = -58. Calculate the remainder when 56 is divided by i.
8
Let f = -4 + -1. Let n = f - -7. Suppose 20 = 3*y + 4*p, n*y = -0*y + 4*p. Calculate the remainder when 7 is divided by y.
3
What is the remainder when (360/(-50))/((-2)/5) is divided by 5?
3
Let t be (6/4)/(9/(-24)). Let n = 2 - -6. What is the remainder when n is divided by (-39)/(-15) + t/(-10)?
2
Suppose -2*k + 10 + 8 = 0. Let c = 34 + 3. Let m = -21 + c. Calculate the remainder when m is divided by k.
7
Let o(v) = -v**3 + 7*v**2 - 4*v + 4. Let z be 56/10 - (-2)/5. Let r = -9 + 18. What is the remainder when o(z) is divided by r?
7
Suppose -4*c - 3 = 3*t, 4*c - 5*t - 7 = -2. Let v = 15 + c. Calculate the remainder when 59 is divided by v.
14
Suppose -3*p + 6 = 0, -5*p = -y - y - 10. Suppose 0 = -y*o + 2*o - 116. What is the remainder when o is divided by 15?
13
Suppose -4*r = -34 - 30. Suppose 4*j - 88 = -4*m, 2*m + m - 3*j - 42 = 0. What is the remainder when r/(-3)*m/(-4) is divided by 13?
11
Let s(q) = q. Let u be s(-1). What is the remainder when 19 is divided by u/(-2) + 19/2?
9
Suppose -9 = -4*g + 35. Calculate the remainder when 20 is divided by g.
9
Let d(a) = 3*a + 3. Let y(g) = -g - 1. Let n(o) = -1. Let k(z) = -4*n(z) + y(z). Let x be k(-6). What is the remainder when d(x) is divided by 16?
14
Suppose 68 = 2*a + 2*a. Suppose -5 = -5*v - 0*v. Let w(b) = 10*b**3 - 1. Calculate the remainder when a is divided by w(v).
8
Let r = 7 + -4. Suppose 2*c + 8 = -7*j + 2*j, j - 3*c = 12. Suppose -r*o - 2*u - u = j, 0 = -o + 5*u + 18. What is the remainder when 11 is divided by o?
2
Let u(g) = -g + 1. Let k(d) = 5*d + 2. Let s(c) = k(c) + u(c). Calculate the remainder when s(5) is divided by 13.
10
Suppose -4*b + 2*f - 12 = 7*f, 2*b + 16 = -5*f. Let d(h) = -h**3 - 3*h**2 - h - 2. Calculate the remainder when b is divided by d(-3).
0
Suppose -2*z + 1 = -5. What is the remainder when 11 is divided by z?
2
Suppose 2*w + 4 = 0, -x - 5*w + 4 - 11 = 0. What is the remainder when 7 is divided by x?
1
Let r(o) = -o - 1. Let g(j) = -j**3 - 11*j**2 + 14*j + 18. Let q be g(-12). Let w = q - -8. Calculate the remainder when w is divided by r(-2).
0
Let t be (-1 - -1) + -60 - 3. Let g = -39 - t. What is the remainder when g is divided by 5?
4
What is the remainder when 4/(-5)*-2*5 is divided by (-34)/(-8) + 15/20?
3
Let n(x) = x + 9. Let t(c) = c**3 + c**2 - c. Let m be t(1). What is the remainder when n(-5) is divided by -1 + 3 - (m - 1)?
0
Suppose t + t - 2 = 0. Let l be (8/(-10))/(t/(-5)). Suppose -w + 5 = 0, l*x - 17 = 5*w + 6. Calculate the remainder when 22 is divided by x.
10
Let g = -21 - -57. Let n be (-310)/18 - (-8)/g. Let x = n + 36. Calculate the remainder when 55 is divided by x.
17
Suppose 35 = 7*x - 2*x. Suppose x*v = 3*v. Suppose -k + 3*k - 22 = v. What is the remainder when 31 is divided by k?
9
Suppose -9 - 1 = i + 2*g, -g - 77 = 5*i. Let f = -13 - i. What is the remainder when 5 is divided by f?
2
Let x be (0 + 4)*(-51)/2. Let y = 153 + x. Calculate the remainder when y is divided by 27.
24
Let n(j) = j + 18. Let f(t) = -7*t**3. Let c(r) = -r. Let i be c(1). What is the remainder when n(0) is divided by f(i)?
4
Let i = -5 - -1. Let m = i + 8. Suppose 0 = -3*b + 2*b + 5. Calculate the remainder when b is divided by m.
1
Suppose 0*i - 10 = -2*i. Let d(f) = -f**3 + 5*f**2 + 4*f - 7. Calculate the remainder when 23 + 0 + (-2)/(-2) is divided by d(i).
11
Calculate the remainder when (-1 - -2)*4 - (-616)/4 is divided by 16.
14
Suppose -5*p - 8 = -38. Suppose -3*i + p*j = j - 20, -4 = -2*j. Calculate the remainder when 37 is divided by i.
7
Let a be (-110)/(-9) 